/2*n/(-9).
1
Suppose 3*i - 5 = 1. Suppose 0 = -3*z - 2*m + 152, -i*z + m - 2*m = -101. What is the remainder when z is divided by 13?
11
Let a(l) = 2*l**3 + 16*l**2 + 5*l + 5. Calculate the remainder when a(-7) is divided by 14.
12
Let b(o) be the third derivative of o**5/30 + 5*o**4/12 + 2*o**3/3 - o**2. Calculate the remainder when b(-7) is divided by 11.
10
Suppose -2*s - 88 = -u, -3*u = 2*s + 2*s - 244. Calculate the remainder when u is divided by 17.
16
Let i = 89 - 32. Calculate the remainder when i is divided by 15.
12
Suppose -3*n - 3*c + 174 = 0, -3*c - 170 = -3*n - 5*c. What is the remainder when n is divided by 19?
16
Suppose 3*n - 4*q = 92, 6*q - 2*q = 4. What is the remainder when n is divided by 3?
2
Let s(v) = v. Let u be s(5). Suppose u*w = 29 - 9. What is the remainder when (-1 - -4)*(w + 0) is divided by 7?
5
Suppose -w = -4*k - 2*w + 64, 0 = -2*k - 4*w + 46. Let y(n) = -n - 86. Let l be y(0). What is the remainder when l*(9/6)/(-3) is divided by k?
13
Calculate the remainder when 36 is divided by -8 - -4 - -4 - -2*5.
6
Suppose -3*u + 338 = -262. Suppose 2*x - u = -3*x. Let y(c) = 5*c - 19. What is the remainder when x is divided by y(8)?
19
Suppose -2*h = -3*t + 38, -4*t + 3*h - h = -48. Calculate the remainder when 37 is divided by t.
7
Calculate the remainder when (26/4)/((-1)/(-2)) is divided by 4.
1
What is the remainder when 19 + 3/(-3) - 4 is divided by 8?
6
Suppose -4 - 13 = -x. Let p(g) = 6*g**2 + 2*g. What is the remainder when p(-3) is divided by x?
14
Let k(v) = -5*v - 1. Let p be k(-1). Let c be 112/7 - 2/(-1). Suppose 23 = -w - 5*o, 4*w + 2*o = p*o + c. What is the remainder when 5 is divided by w?
1
Suppose -17*m + 480 = -47. What is the remainder when 89 is divided by m?
27
Suppose 0 = 5*d, -4*d + 24 = 4*g - 2*d. What is the remainder when 22 is divided by g?
4
Let c = -4 + 31. What is the remainder when c is divided by 18?
9
Suppose 3*m = 4*m - 2. Suppose m*o = -3*w + 16, -2*o = -0*w - w. Suppose -64 = -2*b - o*b. What is the remainder when 29 is divided by b?
13
Suppose 0 = 3*c + 9, 4*c = -0*m + m - 22. What is the remainder when 34 is divided by m?
4
Let l(a) = -a**3 + 18*a**2 + a - 9. Calculate the remainder when 15 is divided by l(18).
6
Let c(r) = 2*r**2 + 3*r - 4. Let l(x) = -2*x**2 + 3*x - 1. Let f be l(2). What is the remainder when c(f) is divided by 3?
2
Suppose 329 = 5*t + 54. What is the remainder when t is divided by 18 + (2/2)/1?
17
Let v(g) = g + 9. Let l be v(-6). Let n = 29 + -29. Suppose -l*x = -n*x - 99. What is the remainder when x is divided by 17?
16
Let k(b) be the second derivative of 4*b**3/3 - b**2/2 - 6*b. What is the remainder when k(2) is divided by 6?
3
Let y be (-98)/(-3) + (-1)/(-3). Suppose -6*l + 3*l - y = 0. Let f = l + 18. Calculate the remainder when 20 is divided by f.
6
Let t = 92 - -26. Calculate the remainder when t is divided by 20.
18
Let u(g) = -g**2 - 6*g - 5. Let h be u(-4). Suppose -3*l = -h*a + 24, -4*a = -0*l + 2*l - 8. Calculate the remainder when 9 is divided by a.
1
Let j(l) be the first derivative of 2*l**2 + 1 + 1 + 0*l**2 + 0*l - l. What is the remainder when j(2) is divided by 3?
1
Let k = -28 - -45. What is the remainder when 66 is divided by k?
15
Let y = -38 + 115. Suppose -2*n + 12 = -0*n. Calculate the remainder when 833/y + (-4)/(-22) is divided by n.
5
Suppose 5*y = 3*y + 5*g + 60, 3*g - 90 = -3*y. Suppose 4*d = 3*s + 10, 0 = 5*d + 4*s - 3*s - 22. What is the remainder when 50*d/y*6 is divided by 14?
12
Suppose 1 = 2*x - 4*r - 89, -2*x + 81 = 5*r. What is the remainder when x is divided by 15?
13
Suppose 0 = 5*w + x - 2*x - 34, 2*x = -w - 2. Let c be 0/(0 + -2) + 1. Let y = c + w. What is the remainder when 26 is divided by y?
5
Suppose 80 = -0*g + 4*g. What is the remainder when 56 is divided by g?
16
Let w = -4 + 7. Suppose 104 = 4*o - 4*b, 4*b + 126 = 2*o + w*o. Suppose 4 + 20 = 3*m. What is the remainder when o is divided by m?
6
Let z = 63 + -48. Calculate the remainder when 57 is divided by z.
12
Let t = -99 + 176. Suppose -4 = -4*r + 4. What is the remainder when 1*r - t/(-7) is divided by 7?
6
Let m(t) be the second derivative of -t**3 - t**2 - 3*t. Suppose 0 = -3*u, 0*v + 16 = 4*v - u. What is the remainder when m(-2) is divided by v?
2
Suppose -l - 28 = -5*i, 0*i = -i + 3*l. What is the remainder when 21 is divided by i?
3
Suppose 1 = -5*f - 4, 5*c - 3*f = -112. Let x(r) = -10*r - 2. Let m be x(3). Let t = c - m. Calculate the remainder when t is divided by 5.
4
Suppose 2*r - 2 = 0, -5*l + 21 = 2*r - 6. Calculate the remainder when 4*l - (-3 + 0) is divided by 8.
7
Let s = 4 - 2. Let q be ((-6)/4)/((-1)/s). Let k = q + 1. Calculate the remainder when 10 is divided by k.
2
Suppose -3*d = -d - 4*v - 16, -3*d + 5*v = -25. Calculate the remainder when 37 is divided by d.
7
Let h(l) = -l**2 + 2*l + 4. What is the remainder when 4 is divided by h(3)?
0
Suppose -4*h - 4 = -2*x, 5*x - 10 = 2*h - 7*h. Let p = 4 + x. What is the remainder when 11 is divided by p?
5
Suppose 2 = -2*m + t, 3*m + 15 = -3*t - 6. Calculate the remainder when (-18)/(m/(6 - 0)) is divided by 13.
10
Let h(n) = 0*n - 3 + n + 8. Let w be h(-6). Calculate the remainder when (2 + -3)/(w/17) is divided by 9.
8
Suppose -3*m + 3*h + 39 = 0, 4*m + h - 48 = 3*h. Calculate the remainder when (-196)/(-10) + (-2)/(-5) is divided by m.
9
Suppose -6*q + 46 = -5*q. Let d be ((-38)/3)/((-2)/(-3)). Let l = 31 + d. Calculate the remainder when q is divided by l.
10
Suppose 0 = 24*a - 27*a + 24. Calculate the remainder when 13 is divided by a.
5
Let y(v) = -3*v + 1. Let a be y(-1). Suppose a = -2*j - 4*b, 0 = 3*b + 6. Calculate the remainder when 6 is divided by j.
0
Calculate the remainder when 127 is divided by 3/9 - (-95)/3.
31
Suppose -3 - 17 = -4*h, -4*i + 5*h + 51 = 0. Let c(b) = -8*b**3 + b. What is the remainder when i is divided by c(-1)?
5
Let q = -73 - -80. Calculate the remainder when q is divided by 5.
2
Suppose 8 = h - 3*h. Let r = -8 - h. Let n(u) = u**3 + 5*u**2 + u + 3. Calculate the remainder when n(r) is divided by 8.
7
Let u be (-1)/(39/(-12) - -3). Suppose -u*l + 12 = 4*p, 0*l - l = -p - 5. Let x = l - -18. Calculate the remainder when x is divided by 6.
4
Suppose t - 4*v + 23 = 0, -t - t + 5*v = 37. Let f(a) = a**2 + 9*a - 9. Calculate the remainder when 25 is divided by f(t).
12
Suppose t - 34 - 4 = 0. Suppose 5*j - t = 32. Calculate the remainder when 27 is divided by j.
13
Suppose 5*w = 2*l + 25, -2*w - 4*l = w - 15. Let z = w - -4. Suppose 5*n = 2*n + 51. What is the remainder when n is divided by z?
8
Calculate the remainder when 37 is divided by 2/(59/19 + -3).
18
Let m = 33 - 22. Let c = 26 - m. What is the remainder when 44 is divided by c?
14
Let p(o) = 3*o**2 + o. Suppose 2*u - c = 0, 3*u + 4*c + 20 = u. Calculate the remainder when 27 is divided by p(u).
7
Suppose u - w - 2*w = 16, 5*w + 36 = 3*u. Let o(x) = x**3 - 7*x**2 + 2*x + 3. What is the remainder when 50 is divided by o(u)?
16
Suppose -5 + 15 = 2*w, -3*w - 147 = -3*a. Suppose -60 - 16 = -4*b. Calculate the remainder when a is divided by b.
16
Let k = 2 + -5. Suppose 0 = -7*o + 2*o + 75. Calculate the remainder when 29 is divided by (1 - 4)*o/k.
14
Let a(h) = h**3 - 4*h**2 - 3*h + 7. Let t be a(5). Let w = 20 - t. Calculate the remainder when 6 is divided by w.
0
Suppose -2*v + 32 = -v. Suppose v = 2*j + 2*f, -f + 21 + 19 = 3*j. Suppose -d + 25 = -21. Calculate the remainder when d is divided by j.
10
Let v(u) = 7*u**2 - 4*u + 3. Let i(t) = -7*t - 1. Let p be i(-1). Let j = 8 - p. What is the remainder when v(j) is divided by 12?
11
Let q(w) = -w - 10. Let b be q(-6). Let x(i) = 11*i - 6. Let z(t) = -t - 1. Let c(g) = -x(g) + z(g). Calculate the remainder when c(b) is divided by 18.
17
Suppose -4*j - c + 5*c + 16 = 0, -5*j + 3*c = -30. Calculate the remainder when 24 is divided by j.
6
Let h be 135/(-6)*4/(-6). Let p = -6 + h. What is the remainder when p is divided by 4?
1
Let y = 21 + -9. Let n(x) = x - 1. Let j be n(3). Calculate the remainder when (-1)/j*0 - -22 is divided by y.
10
Suppose -3*t + 2 = n, -3 = -5*n + 5*t + 107. Calculate the remainder when 33 is divided by n.
16
Suppose 0 = 4*n + 5*f - 41 - 60, 5*n - 154 = 3*f. What is the remainder when n is divided by 15 + (-1)/2*0?
14
Let j =